 13*t, 0 = -5*j + 25. What are the prime factors of t?
31, 97
Suppose -3*y = -5*u + 2*u - 18, -2*u + 4*y = 22. List the prime factors of u/((-1)/8*2).
2
Let f(u) = -3*u - 14. Let m be f(-6). Suppose 0 = -4*y - 5*a + 207, -4*y - 2*a + 182 = -16. Suppose -y = -4*n + m. What are the prime factors of n?
13
Suppose -2*d + 6 = 0, -4293 = 3*c - d - 21957. List the prime factors of c.
3, 13, 151
Let s = 1085 - 138. What are the prime factors of s?
947
Suppose 2*u - 3567 = 3*r, 3*u - u - r - 3557 = 0. Let d = 92 + -70. What are the prime factors of 4/d + u/33?
2, 3
Suppose 17*c - 25*c = -944. What are the prime factors of c?
2, 59
Let j be (2/(-1) + 1)*-4. Suppose -25 = -5*l, f - 11 = -j*l + 13. What are the prime factors of f/2 - (-5 - -2)?
5
Let r(o) be the third derivative of -o**6/120 - 7*o**5/60 - o**4/8 - o**3/3 - 3*o**2. Let h be r(-5). Let s = -8 - h. List the prime factors of s.
29
Suppose 0 = -f - 6 + 36. Let s be (6/5)/(f/200). Suppose -s + 0 = -2*y. What are the prime factors of y?
2
Let u = -10 - -14. Suppose -u*g + 520 = -4*l, -5*g + 495 = -g + l. What are the prime factors of g?
5
Suppose 3*u - 35 = 205. What are the prime factors of u?
2, 5
Let m(b) = 6*b + 6. Let o(j) = 7*j + 7. Let t(r) = -50*r - 50. Let w(i) = 15*o(i) + 2*t(i). Let l(d) = -2*m(d) + 3*w(d). What are the prime factors of l(4)?
3, 5
Suppose -p + 576 = -2*u, -2825 = -5*p + 6*u - 7*u. What are the prime factors of p?
2, 283
List the prime factors of (-4 + 105/7)/(1/59).
11, 59
Let z = -11 - -19. Suppose -5 = 2*q - 7*q, 3*f - 4*q = z. Suppose -j + 125 = f*j. What are the prime factors of j?
5
Let g(x) = x**3 - 8*x**2 + 19*x + 6. Suppose 2*d + 21 = 37. What are the prime factors of g(d)?
2, 79
Suppose 16*d = 18*d - 10. Let o(g) = -g + 10. Let z be o(5). Suppose z*l - 21 = 5*f + 169, d*f + 15 = 0. What are the prime factors of l?
5, 7
Suppose 0 = -8*g + 4*g + 4*t + 180, g + 3*t = 65. Suppose -49 - g = -3*u. What are the prime factors of u?
3, 11
Let y be 122/6*(-9 + -39). List the prime factors of 2/(-9) - y/18.
2, 3
Let y = 100 - -817. What are the prime factors of y?
7, 131
Let o be 4/2 - (1 + -4). Suppose -4*d = -4*x + 308, 3*x = x - o*d + 189. Let g = x - 57. List the prime factors of g.
5
Let q be (-63)/(-6)*8/(-12). Let g be 16/q + (-6)/(-21). What are the prime factors of (g - 36/(-16))*116?
29
Let o = 24 + -12. Let y = -6 + o. Suppose -y*j = -4*j - 32. List the prime factors of j.
2
Let b(h) = h + 2. Let u(l) = l + 8. Let t be u(-6). Let f be b(t). Suppose -f*n - n + 89 = -w, 3*n + 5*w = 59. What are the prime factors of n?
2, 3
Suppose -2 - 22 = 3*k. Let s be (-1602)/k - (-10)/(-40). Suppose -4*p + s = -2*w, 0 = -p - 4*w + 16 + 25. List the prime factors of p.
7
Let h = -25 - -25. Let a be -1 + 2 + h + 1. Suppose -5*w + a*i - 5*i = -49, w = -5*i + 1. List the prime factors of w.
11
Suppose 0 = -3*o - 5*q + 10*q + 190, 8 = 2*q. Let i = 130 - o. What are the prime factors of i?
2, 3, 5
Suppose -5*x + 32 = 3*x. Suppose -x*s + 6*s = 356. What are the prime factors of s?
2, 89
Let n(o) = o + 12. Let u be n(-8). What are the prime factors of -3 - 8/(-4) - (u + -50)?
3, 5
Let w(m) = m**2 - 2 + 1 + m**3 + 4*m + 4*m**2. Let a(c) = -c**2 - c + 39. Let d be a(6). What are the prime factors of w(d)?
5
Suppose 785 = 5*v - 3*t - 2*t, 3*t = -v + 177. Suppose o - 59 = -3*i, -4*i - 36 + v = 2*o. What are the prime factors of o?
71
Let s = -2053 - -3675. What are the prime factors of s?
2, 811
What are the prime factors of (-68679)/(-91) + 24/(-14) + 2?
5, 151
Let t = -149 + 249. Let n be (t/1 - -1) + 2. Let y = -64 + n. What are the prime factors of y?
3, 13
Let w(h) be the third derivative of -h**6/40 + h**5/30 - h**3/6 - h**2. Let s = -415 - -413. List the prime factors of w(s).
31
Let n be (-108)/(-9)*(-2)/4. Let z be ((-33)/9 + 4)*n. Let g = 24 + z. What are the prime factors of g?
2, 11
Suppose -23*n + 8985 = -8*n. List the prime factors of n.
599
Let g = 7 + -2. Suppose g*d = 6 + 9. Suppose -5*w = -d*w - 12. What are the prime factors of w?
2, 3
Let v(p) = p**2 - 8*p - 16. Let d be v(-12). Suppose 5*y = 3*a + 2*a + 295, d = 4*y + 2*a. List the prime factors of y.
3, 19
Let a be 1/(10/15)*38. Suppose n + 5*y = a, -4*n + 229 = y + 1. List the prime factors of n.
3, 19
Suppose 31*y + 20905 - 114587 = 0. What are the prime factors of y?
2, 1511
Let v = 64 + 38. Suppose 4*g + v = 2*o + 266, 3*o + 6 = 0. Let d = 75 - g. List the prime factors of d.
5, 7
Suppose 2*r + 6*r = 16. Suppose -r*x + 2 = -4. List the prime factors of 2/x + 350/6.
59
List the prime factors of (-6)/(-15) - (-3636)/60.
61
Let f = -16 + -1. Let x = f + 68. What are the prime factors of x?
3, 17
Suppose -15*l + 3*d = -20*l + 10404, -3*l - 5*d = -6236. List the prime factors of l.
2, 3, 347
What are the prime factors of (-121596)/(-63) + (-26)/273?
2, 5, 193
Let z(a) = a**2 - 7*a + 276. What are the prime factors of z(0)?
2, 3, 23
Let w(r) = -r**3 - 6*r**2 + 3*r. Let u be w(-6). Let i = u + 30. Suppose 5*p + i = p, -2*c + 4*p = -76. What are the prime factors of c?
2
Suppose 3*c - 5*v - 31 = -5, 2*c = -4*v - 12. Suppose -3*w + 4*s + 780 = -0*s, c*s = -3*w + 798. List the prime factors of w.
2, 3, 11
Suppose 9*s - 120 - 204 = 0. Suppose 5*o + s = 2*y, 0 = 4*y + 4*o - 0*o - 100. List the prime factors of y.
23
Suppose -394*z = -408*z + 32032. List the prime factors of z.
2, 11, 13
Suppose -4*b = 2*i - 31 + 13, 3*i = 15. Let a = b + 2. Suppose -a*m + 0*m + 112 = 0. What are the prime factors of m?
2, 7
Let i(g) = g**3 - 4*g**2 - g - 6. Let y be i(5). Suppose y - 6 = 2*x. Suppose -8*m = -x*m - 240. List the prime factors of m.
2, 3, 5
Let y(w) = -w**3 - 11*w**2 - 11*w + 1. Let b be y(-10). Let z = -19 + b. What are the prime factors of (-314)/z - (-1)/(-4)?
3, 13
Let v = 14 - -35. Suppose -5*j + 10*o = 5*o - 305, 0 = j + 2*o - v. List the prime factors of j.
3, 19
Let o(x) = 2*x - 6. Let m be o(5). Suppose -m*w - 5*n = -584, 0*n - n = -4*w + 560. List the prime factors of w.
3, 47
Suppose 0 = 2*x - 2*z - 8 - 14, 0 = x - 2*z - 13. Suppose -x*p + 1897 + 497 = 0. What are the prime factors of p?
2, 7, 19
Suppose -4*z - 12 = 0, -3*z = 18*y - 17*y - 1650. List the prime factors of y.
3, 7, 79
Let c(n) = 42*n + 66. What are the prime factors of c(7)?
2, 3, 5
Suppose 0*k - 2*k = 0. Suppose 2*j + j = k. Let p(n) = -n**3 + n**2 - n + 22. List the prime factors of p(j).
2, 11
Let r(g) = -g**2 - 5*g + 6. Let l be r(-5). Let h(x) be the first derivative of -x**4/4 + 7*x**3/3 - x**2 + 8*x + 1. What are the prime factors of h(l)?
2
Let b = 685 - -887. What are the prime factors of b?
2, 3, 131
Suppose -5*u + 5*g = -600, -3*g = -4*u - 6*g + 452. List the prime factors of u.
2, 29
Let y(s) = s**2 - 4*s - 3. Let b be y(-5). Suppose 4*f = -b - 58. Let c = f - -51. List the prime factors of c.
2, 13
Let d = 74 + -62. Suppose -464 = 4*p - d*p. List the prime factors of p.
2, 29
Let b be -2 - (6 + -4) - -254. Suppose -b = -2*s + 5*w - w, 3*s - 348 = -3*w. What are the prime factors of s?
7, 17
Let r = -6 - -10. What are the prime factors of (-4 - -1) + r + 42?
43
Suppose 18*t = 3005 + 2233. What are the prime factors of t?
3, 97
Suppose 0 = 4*o - 5*d - 248, -5*d - 174 = 4*o - 462. List the prime factors of o.
67
Let k(q) = 65*q**2 - q - 40. What are the prime factors of k(-6)?
2, 1153
Suppose 3*d - 2*v - 3*v = -4, 2*d = -5*v + 14. List the prime factors of d*6/36 - 298/(-6).
2, 5
Let f be (-2)/(-3) - (-16)/3. Suppose 210*s = 208*s - 62. Let h = f - s. What are the prime factors of h?
37
Let f(j) = 142*j**2 - 2*j + 8. What are the prime factors of f(-3)?
2, 17, 19
Suppose 1 = -2*t - 1. Let u(p) = -3*p - 2 - 10*p**2 - 47*p**3 + 21*p**3 + 8*p**2. List the prime factors of u(t).
5
List the prime factors of (-15)/(1 + 720/(-712)).
3, 5, 89
Suppose -4*q + 54 = -58. Suppose -24*c - 276 = -q*c. What are the prime factors of c?
3, 23
Let h(g) = 424*g + 662. List the prime factors of h(4).
2, 3, 131
Suppose 0 = 4*m - 9*m - 2200. Let t = -301 - m. What are the prime factors of t?
139
Let b(r) = -20*r - 56. Let h be b(-6). Let f = 153 - h. List the prime factors of f.
89
Suppose -17 - 55 = -4*o. Let g(m) = -m**2 + 20*m - 32. What are the prime factors of g(o)?
2
Let o be 4/(-2) + 9/(-1). Let p(r) be the third derivative of r**6/120 + r**5/6 - 11